
-5
(4 - 4) + 10 - 15
-5
What is the value of 9 + -14 + 0 - (-1 + -2)?
-2
What is the value of -1 + (-2 + -3 - -9)?
3
0 + 1 + -4 + 3
0
What is the value of -2 + -1 + -2 + 4?
-1
Evaluate -12 + -4 + 5 + 10.
-1
What is the value of 0 - 4 - (-26 + 19)?
3
Calculate -3 + (23 - 15) + -7 + 2.
0
Calculate 3 + (-2 - (1 + 3)).
-3
Calculate 10 + (-6 - (4 + -4)).
4
1 + 0 - (-9 - -12)
-2
What is -5 - -2 - (6 - 3 - 0)?
-6
-7 + (-3 - 3 - -13)
0
Calculate 2 + -4 + 4 + 1.
3
Calculate -1 - -4 - (15 + -9).
-3
What is the value of 3 + (6 - 9) + 0?
0
What is the value of 2 + -2 + 0 + 0 - -4?
4
What is the value of 0 + 0 + 0 + (-5 - -3)?
-2
Evaluate -4 + -2 + 3 + -3 + 2.
-4
What is the value of 2 - (0 - 5 - (-15 - -10))?
2
(-2 - -1) + (-3 - -1)
-3
Evaluate -4 - (0 + (-4 - 6)).
6
Evaluate 3 + -3 + -7 - -7.
0
10 - (-3 - (-7 - 6))
0
What is -12 + 2 + 6 + 5 + 0?
1
Calculate (-10 - (-27 - -9)) + -1.
7
Evaluate (-13 - (-16 + 7)) + (0 - -1).
-3
What is the value of 3 + (0 + 0 + -1 - 5)?
-3
8 - 3 - (-3 + 3)
5
(-8 - (-9 - 2)) + -2
1
Evaluate (-4 - (-1 + -3)) + 5 + 0.
5
Evaluate 9 - (13 - 10 - -8).
-2
Calculate -3 + 15 + 1 - 7.
6
What is the value of 0 + 4 - (-4 - 1 - -6)?
3
Evaluate -5 + 2 + 10 - 9.
-2
-4 + (-5 + 2 - -3)
-4
2 + -6 + 9 + (-1 - -1)
5
Evaluate -1 - -4 - (-20 + 18) - -2.
7
What is the value of 6 - (1 + 1 + -2)?
6
Evaluate (-1 - 2) + (12 - 13).
-4
(9 + -8 - 6) + 13
8
1 - (3 + -8) - (-8 - -8)
6
What is (10 - (10 - 0)) + -3?
-3
What is the value of -1 + (-3 - -8) - 2?
2
What is the value of -11 + (19 - 11) - -5?
2
What is the value of (1 - (-4 + 9)) + 9?
5
Evaluate (9 + -14 - (0 - 4)) + -4.
-5
-4 + (2 - -4) - 4 - -1
-1
Evaluate -2 + 4 + -8 + 0 - -4.
-2
What is 1 + 1 + 1 + -5?
-2
What is the value of 2 + -6 + 2 + (-4 - -1)?
-5
-4 + (-2 - -1) + 0 + 1
-4
What is the value of 3 + (2 + -3 - -1)?
3
Calculate 2 - (4 - 9 - -5).
2
(4 - 0 - (-3 + 3)) + 1
5
What is -1 + 12 - (13 - 7) - -1?
6
Evaluate -7 + (5 - 1) + -1.
-4
What is 2 - 4 - (7 + -2 + -8)?
1
Evaluate 2 - (4 + -3) - (-12 - -9).
4
Evaluate 1 + 3 + -2 - (6 - 0).
-4
Calculate (-10 + -13 - -13) + 4.
-6
Evaluate -2 + (1 - -2) - (-3 + 1).
3
What is -16 + 22 + (-3 - 2)?
1
(-1 - 0) + 7 + -134 + 132
4
(10 - 3 - 23) + 8 - -5
-3
What is 4 - (0 + 5 - 5)?
4
What is the value of 2 + -7 - (-12 - -10)?
-3
3 - 3 - -2 - -1
3
What is -2 + (7 - 8 - 3)?
-6
What is the value of 9 - (-1 + -3 + 8)?
5
(-1 - (-2 - 2)) + 1 + -4
0
Calculate -19 - (-14 - -3) - -1.
-7
What is the value of 31 + -34 + 6 + -1?
2
What is the value of 3 - -3 - 6 - (-1 + 5)?
-4
What is the value of -1138 + 1131 - (3 + -1 + -1)?
-8
Calculate (17 - (1 + 5)) + -7.
4
What is the value of -1 - (0 - 1 - (-1 - 2))?
-3
What is the value of -6 + (-3 + 1 + 6 - -3)?
1
What is the value of 5 - -3 - 3 - 13?
-8
-6 + (2 + 1 - 3)
-6
3 - (-4 + 0 - (-2 + 4))
9
Evaluate (10 - (-12 - -26)) + 1.
-3
What is 16 - (-6 - (-4 + -8))?
10
(30 - 32) + 4 + -1
1
13 - (7 + 3 - 2)
5
What is the value of (-14 - (-14 - -2)) + 1 + -4?
-5
0 - -2 - 11 - (2 + -8)
-3
Calculate -7 - (22 - 11 - 11).
-7
What is 10 + (-3 - 1) - (2 - -1)?
3
Calculate (-12 - (6 + -10)) + 8.
0
Evaluate 3 - (0 - -1) - 0.
2
7 + (4 - 7 - -11) + -7
8
Calculate -5 - ((23 - 24) + 0 + 1).
-5
What is 3 - (-5 + 10) - (1 + -1)?
-2
Calculate (4 - 0 - 9 - -3) + 1.
-1
What is -3 + (6 - 4) - -4?
3
What is 14 + -3 + 1 - 5?
7
Calculate -13 - -13 - (0 - 3).
3
Evaluate -3 - (0 + 3) - -2.
-4
Evaluate 3 + -2 + -5 - 1.
-5
What is the value of -5 + 9 + -6 + 4?
2
Calculate -5 + 0 + 5 - 2 - 2.
-4
Evaluate (-2 - -17) + -20 + 0 + 6.
1
What is -3 + (4 - ((0 - -3) + 3))?
-5
Evaluate -1 + 2 + (-19 - -14).
-4
(-5 - (-2 - 4) - 3) + 7
5
What is the value of (5 - 7) + 6 + -1?
3
Evaluate (25 - 18) + -1 + (1 - 1).
6
Calculate 2 + (1 - (-1 - (3 + -2))).
5
What is the value of (-2 - -3) + -2 + (6 - 7)?
-2
What is (3 - (3 + -5)) + 1 + -1?
5
What is the value of 5 - (-1 + -1 + 3 - -3)?
1
What is (5 - 1) + (-7 - -7)?
4
Calculate 5 + (-2 + 2 - (1 + -3)).
7
Evaluate 14 + -18 + (5 - 1) + -5.
-5
Calculate 7 - (1 + -4 + 5).
5
Calculate 34 + -28 - (-4 - (-1 + -8)).
1
What is the value of -1 + -3 + 1 + 3 + 1?
1
Evaluate -1 + 1 + -1 + (5 - 3).
1
What is the value of 3 + -4 + -2 + -1 + 2?
-2
Evaluate -16 + 16 - (2 + 2).
-4
What is (-17 - -21) + -3 + 2?
3
-2 - (1 + 0 - (-48 - -44))
-7
What is (4 - 10 - -10) + -6 + 8?
6
What is the value of (-7 - -14) + -3 + 0?
4
What is -28 + 25 - (0 + (1 - 0))?
-4
Evaluate 6 - (7 + 5 - (-5 - -7)).
-4
1 + 1 + 3 - (0 - 0)
5
What is -6 + 3 + 9 - -1?
7
Calculate -4 + 1 + (4 - 3) - 1.
-3
Calculate (-5 - 2) + 4 - (1 + 0).
-4
Calculate -7 + -1 + -54 + 64.
2
2 + 0 + -2 - -6 - 8
-2
Calculate -52 + 44 - (-3 - -1).
-6
Evaluate 2 + (0 - 4) + 3 + 1.
2
Calculate 10 - 6 - (2 + -3 - -9).
-4
What is the value of 7 + (-12 - -4) - -4?
3
2 + -6 - (-3 - -3 - 1)
-3
Calculate (9 - 10 - 2) + 1 + 0.
-2
What is the value of 2 + -2 - (5 - (21 + -9))?
7
Evaluate 4 - (0 + 0) - 4.
0
What is the value of (0 - -5) + -34 + 25 - -5?
1
What is -2 + 0 + 6 - (51 - 45)?
-2
Evaluate 7 - 0 - (0 + 2 + 1).
4
1 - -7 - (12 + (-11 - -3))
4
What is 2 + (3 + 2 - -2 - 3)?
6
(8 - 4) + -4 + 0
0
Calculate -3 + -4 + 14 + -9.
-2
Calculate -3 - (-1 + 5 + -1 + -5).
-1
What is the value of 2 + 2 + 5 + (-3 - 2)?
4
What is the value of -2 + 11 + -2 + -11?
-4
Evaluate -2 - (3 + -9 + 1 + 1).
2
What is (12 - -2) + -8 + 0?
6
Evaluate -2 + -2 + -2 + -310 + 309.
-7
What is the value of (10 - (-12 - -9)) + -8?
5
What is the value of -14 + 4 + 3 - (-1 + -3)?
-3
Evaluate -2 + 1 - ((1 - -2) + -2).
-2
Evaluate 10 - (8 - 6 - -5).
3
-1 + 3 - (-19 + (2 - -24))
-5
What is the value of (-6 - -4) + -8 - -1?
-9
Evaluate -1 + (-9 - -8) - 0.
-2
What is the value of 6 + -7 - (1 - (3 + 2))?
3
What is the value of -2 - (0 + -2 + 0)?
0
-2 - 1 - (10 + 8 + -24)
3
Evaluate -5 + (11 - (-3 + 7)).
2
Evaluate (4 + 2 - 5) + 4.
5
What is -2 + 4 + -2 + -1 + -1?
-2
What is the value of 6 + -3 - (9 + -2)?
-4
(1 - 3) + 1 - (-1 + 1)
-1
Evaluate (1 - -3) + (7 - 6).
5
What is (-5 - 3) + (0 - (1 - 4))?
-5
21 + -20 + (15 - 3 - 4)
9
Calculate -12 - (11 - 10 - 15).
2
Evaluate -6 + 1 + -1 - 0.
-6
Calculate (0 - 6) + 10 + 0.
4
Evaluate -6 + 6 + (-23 - -14).
-9
(0 - (1 - -1)) + 14 + -8
4
Evaluate 3 - (4 + 2 - 2) - -5.
4
Calculate (1 - (2 - 2)) + 0.
1
Calculate (-7 - 0 - -1) + (-17 - -18).
-5
-2 + (-2 + 2 + -1 - -1)
-2
What is the value of -5 + 1 - (-4 + -9 - -9)?
0
17 + 18 + -42 + 1 + 0
-6
What is 2 + (-1 - -5) + (-7 - 3)?
-4
-1 + (9 - 5) + 1
4
What is 1 + (1 + 3 - 1)?
4
Calculate (4 - 6) + 4 + 1.
3
(-1 - (0 + -1)) + -8 + 5
-3
What is 0 + -3 + (4 - 4)?
-3
10 - (9 - (-11 - -13))
3
Calculate 4 + 1 + 0 - (-444 - -445).
4
What is the value of -1 - (0 + 4) - (4 + -7)?
-2
Evaluate 3 + 1 + -5 + 4.
3
What is the value of (-8 - -3 - (-5 + 5)) + 0?
-5
Calculate 2 + -3 + (2 - 2 - -5).
4
Calculate 1 + -3 + -1 - (-24 + 17).
4
Evaluate -2 + -4 + 12 + -3.
3
-11 + 6 + (-5 - -13)
3
What is the value of (5 - 4) + -5 - -7?
3
What is the value of -1 + -1 - (1 + -1)?
-2
Calculate 4 - (3 + 0 + 2).
-1
What is the value of (-2 - (3 - 7)) + -8 + 1?
-5
Evaluate -3 + (-1 - -1 - -3) + -3.
-3
Calculate (-10 + 10 - (14 + -6)) + 1.
-7
-7 + 3 + -2 + 1
-5
What is the value of 9 + -1 + 10 + (-3 - 7)?
8
Calculate (-14 - -9) + -2 + 1.
-6
Evaluate -2 - (-7 + 4 + (5 - 2)).
-2
Calculate 4 + -2 + -5 + -1 + 2.
-2
What is -1 - 0 - (-5 + -9 + 8)?
5
Evaluate 7 - 1 - (2 + 5 + -4).
3
What is 6 + -8 + (2 - 5)?
-5
Calculate (2 + -4 - -4) + -1.
1
Evaluate 7 + 0 - (251 - 252).
8
Calculate 5 - 2 - 0 - 0.
3
What is the value of 6 + 1 + -6 - 6?
-5
Calculate 2 + 9 - (3 - -2).
6
Evaluate 0 - -3 - (1 - -4).
-2
What is 19 + -9 + (1 - 16)?
-5
What is -11 - (-7 + -6) - (0 - 1)?
3
What is 4 + -5 - (-2 + 0 + -1)?
2
What is -2 - (-3 + (1 - -1) + 2)?
-3
Calculate 6 + (6 - (30 - 8)) + 6.
-4
Calculate (5 - (-2 + -6)) + -14.
-1
What is 5 + (-7 + -1 + 11 - 10)?
-2
-2 + 6 + -2 + 3
5
What is (-2 - (2 + -4)) + -4?
-4
Calculate (2 - 3) + (-4 - -3) + 1.
-1
What is the value of -2 + 10 + -13 + 6?
1
What is -3 - (-7 - (-5 - 4))?
-5
What is -10 + (-3 - (-7 - 3))?
-3
What is the value of 6 + (7 - 16 - (0 + -3))?
0
What is 3 + (-8 - ((6 - 3) + -6))?
-2
Calculate 0 - (-1 + -5) - 3.
3
Calculate 3 + 3 + 1 + -6.
1
Calculate (-8 - -11) + (-1 - 3).
-1
Calculate 1 - (0 - 1) - 3.
-1
2 + -12 - ((2 - 3) + -5)
-4
Calculate -3 -